{"id":151,"date":"2025-04-23T07:58:40","date_gmt":"2025-04-23T05:58:40","guid":{"rendered":"https:\/\/icare-congo.com\/?page_id=151"},"modified":"2026-04-04T08:19:58","modified_gmt":"2026-04-04T06:19:58","slug":"hopitaux","status":"publish","type":"page","link":"https:\/\/icare-congo.com\/?page_id=151","title":{"rendered":"Les Cliniques &amp; H\u00f4pitaux"},"content":{"rendered":"\n<p><strong><strong>Plus de 500 \u00e9tablissements de sant\u00e9 partenaires \u00e0 travers la RDC.<\/strong><\/strong><\/p>\n\n\n\n<p><strong>Nos Cliniques &amp; H\u00f4pitaux<\/strong><\/p>\n\n\n\n<div data-wp-interactive=\"core\/file\" class=\"wp-block-file\"><object data-wp-bind--hidden=\"!state.hasPdfPreview\" hidden class=\"wp-block-file__embed\" data=\"https:\/\/icare-congo.com\/wp-content\/uploads\/2026\/04\/Nos-cliniques-Kinshasa-new-2026.pdf\" type=\"application\/pdf\" style=\"width:100%;height:600px\" aria-label=\"Embed of Nos cliniques Kinshasa new 2026.\"><\/object><a id=\"wp-block-file--media-5fb69fe7-7e8d-4ed8-8e6a-bd9c07618a63\" href=\"https:\/\/icare-congo.com\/wp-content\/uploads\/2026\/04\/Nos-cliniques-Kinshasa-new-2026.pdf\">Nos cliniques Kinshasa new 2026<\/a><a href=\"https:\/\/icare-congo.com\/wp-content\/uploads\/2026\/04\/Nos-cliniques-Kinshasa-new-2026.pdf\" class=\"wp-block-file__button wp-element-button\" download aria-describedby=\"wp-block-file--media-5fb69fe7-7e8d-4ed8-8e6a-bd9c07618a63\">T\u00e9l\u00e9charger<\/a><\/div>\n\n\n\n<div data-wp-interactive=\"core\/file\" class=\"wp-block-file\"><object data-wp-bind--hidden=\"!state.hasPdfPreview\" hidden class=\"wp-block-file__embed\" data=\"https:\/\/icare-congo.com\/wp-content\/uploads\/2026\/04\/Accedez-a-nos-cliniques-Hopitaux-selon-votre-pack-Haut-Katanga-2026.pdf\" type=\"application\/pdf\" style=\"width:100%;height:600px\" aria-label=\"Embed of Acc\u00e9dez \u00e0 nos cliniques &amp; H\u00f4pitaux selon votre pack - Haut Katanga -2026.\"><\/object><a id=\"wp-block-file--media-1feaa5d0-d61e-4a23-bd1e-97b7806de373\" href=\"https:\/\/icare-congo.com\/wp-content\/uploads\/2026\/04\/Accedez-a-nos-cliniques-Hopitaux-selon-votre-pack-Haut-Katanga-2026.pdf\">Acc\u00e9dez \u00e0 nos cliniques &#038; H\u00f4pitaux selon votre pack &#8211; Haut Katanga -2026<\/a><a href=\"https:\/\/icare-congo.com\/wp-content\/uploads\/2026\/04\/Accedez-a-nos-cliniques-Hopitaux-selon-votre-pack-Haut-Katanga-2026.pdf\" class=\"wp-block-file__button wp-element-button\" download aria-describedby=\"wp-block-file--media-1feaa5d0-d61e-4a23-bd1e-97b7806de373\">Download<\/a><\/div>\n\n\n\n<p><strong><strong>Nos \u00e9tablissements de sant\u00e9<\/strong> : points de sant\u00e9, centres de sant\u00e9 et h\u00f4pitaux de r\u00e9f\u00e9rence.<\/strong><\/p>\n\n\n\n<div data-wp-interactive=\"core\/file\" class=\"wp-block-file\"><object data-wp-bind--hidden=\"!state.hasPdfPreview\" hidden class=\"wp-block-file__embed\" data=\"https:\/\/icare-congo.com\/wp-content\/uploads\/2025\/06\/Les-ESS-Kinshasa-Kongo-central-de-ICARE-2025.pdf\" type=\"application\/pdf\" style=\"width:100%;height:600px\" aria-label=\"Embed of Les ESS Kinshasa Kongo central de ICARE 2025.\"><\/object><a id=\"wp-block-file--media-caeabff0-3a54-4e69-8cab-d2ab2f627b72\" href=\"https:\/\/icare-congo.com\/wp-content\/uploads\/2025\/06\/Les-ESS-Kinshasa-Kongo-central-de-ICARE-2025.pdf\">Les ESS Kinshasa Kongo central de ICARE 2025<\/a><a href=\"https:\/\/icare-congo.com\/wp-content\/uploads\/2025\/06\/Les-ESS-Kinshasa-Kongo-central-de-ICARE-2025.pdf\" class=\"wp-block-file__button wp-element-button\" download aria-describedby=\"wp-block-file--media-caeabff0-3a54-4e69-8cab-d2ab2f627b72\">T\u00e9l\u00e9charger<\/a><\/div>\n\n\n\n<div data-wp-interactive=\"core\/file\" class=\"wp-block-file\"><object data-wp-bind--hidden=\"!state.hasPdfPreview\" hidden class=\"wp-block-file__embed\" data=\"https:\/\/icare-congo.com\/wp-content\/uploads\/2025\/06\/Les-ESS-Haut-Katanga-de-ICARE-2025-1.pdf\" type=\"application\/pdf\" style=\"width:100%;height:600px\" aria-label=\"Embed of Les ESS Haut Katanga de ICARE 2025.\"><\/object><a id=\"wp-block-file--media-1ba3259e-1d63-4b7e-a851-7e168cc400c5\" href=\"https:\/\/icare-congo.com\/wp-content\/uploads\/2025\/06\/Les-ESS-Haut-Katanga-de-ICARE-2025-1.pdf\">Les ESS Haut Katanga de ICARE 2025<\/a><a href=\"https:\/\/icare-congo.com\/wp-content\/uploads\/2025\/06\/Les-ESS-Haut-Katanga-de-ICARE-2025-1.pdf\" class=\"wp-block-file__button wp-element-button\" download aria-describedby=\"wp-block-file--media-1ba3259e-1d63-4b7e-a851-7e168cc400c5\">T\u00e9l\u00e9charger<\/a><\/div>\n\n\n\n<div data-wp-interactive=\"core\/file\" class=\"wp-block-file\"><object data-wp-bind--hidden=\"!state.hasPdfPreview\" hidden class=\"wp-block-file__embed\" data=\"https:\/\/icare-congo.com\/wp-content\/uploads\/2025\/06\/Les-ESS-Tshopo-de-ICARE-2025.pdf\" type=\"application\/pdf\" style=\"width:100%;height:600px\" aria-label=\"Embed of Les ESS Tshopo de ICARE 2025.\"><\/object><a id=\"wp-block-file--media-f1224508-2008-41f2-8337-2a41b890683e\" href=\"https:\/\/icare-congo.com\/wp-content\/uploads\/2025\/06\/Les-ESS-Tshopo-de-ICARE-2025.pdf\">Les ESS Tshopo de ICARE 2025<\/a><a href=\"https:\/\/icare-congo.com\/wp-content\/uploads\/2025\/06\/Les-ESS-Tshopo-de-ICARE-2025.pdf\" class=\"wp-block-file__button wp-element-button\" download aria-describedby=\"wp-block-file--media-f1224508-2008-41f2-8337-2a41b890683e\">T\u00e9l\u00e9charger<\/a><\/div>\n\n\n\n<div data-wp-interactive=\"core\/file\" class=\"wp-block-file\"><object data-wp-bind--hidden=\"!state.hasPdfPreview\" hidden class=\"wp-block-file__embed\" data=\"https:\/\/icare-congo.com\/wp-content\/uploads\/2025\/06\/Les-ESS-de-ICARE-Nord-et-Sud-Kivu-2025-2.pdf\" type=\"application\/pdf\" style=\"width:100%;height:600px\" aria-label=\"Embed of Les ESS de ICARE Nord et Sud Kivu 2025.\"><\/object><a id=\"wp-block-file--media-8a541729-7b8b-4ae1-856c-668b0d4e460b\" href=\"https:\/\/icare-congo.com\/wp-content\/uploads\/2025\/06\/Les-ESS-de-ICARE-Nord-et-Sud-Kivu-2025-2.pdf\">Les ESS de ICARE Nord et Sud Kivu 2025<\/a><a href=\"https:\/\/icare-congo.com\/wp-content\/uploads\/2025\/06\/Les-ESS-de-ICARE-Nord-et-Sud-Kivu-2025-2.pdf\" class=\"wp-block-file__button wp-element-button\" download aria-describedby=\"wp-block-file--media-8a541729-7b8b-4ae1-856c-668b0d4e460b\">T\u00e9l\u00e9charger<\/a><\/div>\n\n\n\n<div class=\"wp-block-buttons is-layout-flex wp-block-buttons-is-layout-flex\">\n<div class=\"wp-block-button\"><a class=\"wp-block-button__link wp-element-button\" href=\"https:\/\/icare-congo.com\/?page_id=41\">Cliquer ici pour un rendez-vous <\/a><\/div>\n<\/div>\n\n\n\n<p><\/p>\n","protected":false},"excerpt":{"rendered":"<p>Plus de 500 \u00e9tablissements de sant\u00e9 partenaires \u00e0 travers la RDC. Nos Cliniques &amp; H\u00f4pitaux Nos \u00e9tablissements de sant\u00e9 : points de sant\u00e9, centres de sant\u00e9 et h\u00f4pitaux de r\u00e9f\u00e9rence.<\/p>\n","protected":false},"author":1,"featured_media":0,"parent":0,"menu_order":0,"comment_status":"closed","ping_status":"closed","template":"","meta":{"footnotes":""},"class_list":["post-151","page","type-page","status-publish","hentry"],"_links":{"self":[{"href":"https:\/\/icare-congo.com\/index.php?rest_route=\/wp\/v2\/pages\/151","targetHints":{"allow":["GET"]}}],"collection":[{"href":"https:\/\/icare-congo.com\/index.php?rest_route=\/wp\/v2\/pages"}],"about":[{"href":"https:\/\/icare-congo.com\/index.php?rest_route=\/wp\/v2\/types\/page"}],"author":[{"embeddable":true,"href":"https:\/\/icare-congo.com\/index.php?rest_route=\/wp\/v2\/users\/1"}],"replies":[{"embeddable":true,"href":"https:\/\/icare-congo.com\/index.php?rest_route=%2Fwp%2Fv2%2Fcomments&post=151"}],"version-history":[{"count":13,"href":"https:\/\/icare-congo.com\/index.php?rest_route=\/wp\/v2\/pages\/151\/revisions"}],"predecessor-version":[{"id":1180,"href":"https:\/\/icare-congo.com\/index.php?rest_route=\/wp\/v2\/pages\/151\/revisions\/1180"}],"wp:attachment":[{"href":"https:\/\/icare-congo.com\/index.php?rest_route=%2Fwp%2Fv2%2Fmedia&parent=151"}],"curies":[{"name":"wp","href":"https:\/\/api.w.org\/{rel}","templated":true}]}}