{"id":319,"date":"2025-05-11T11:12:17","date_gmt":"2025-05-11T09:12:17","guid":{"rendered":"https:\/\/icare-congo.com\/?page_id=319"},"modified":"2025-05-14T08:48:02","modified_gmt":"2025-05-14T06:48:02","slug":"repas-cliniques","status":"publish","type":"page","link":"https:\/\/icare-congo.com\/?page_id=319","title":{"rendered":"Repas Cliniques"},"content":{"rendered":"\n<p>ICARE fournit des repas sains et \u00e9quilibr\u00e9s, adapt\u00e9s aux besoins sp\u00e9cifiques des patients, que ce soit \u00e0 l&#8217;h\u00f4pital ou \u00e0 domicile. Ce service s&#8217;appuie sur l&#8217;expertise d&#8217;un service di\u00e9t\u00e9tique.<\/p>\n\n\n\n<p><strong>Points cl\u00e9s du service de Repas Cliniques ICARE :<\/strong><\/p>\n\n\n\n<div class=\"wp-block-media-text is-stacked-on-mobile\" style=\"grid-template-columns:45% auto\"><figure class=\"wp-block-media-text__media\"><img loading=\"lazy\" decoding=\"async\" width=\"1024\" height=\"1024\" src=\"https:\/\/icare-congo.com\/wp-content\/uploads\/2025\/05\/WhatsApp-Image-2025-05-08-at-20.20.14-1-1-1024x1024.jpeg\" alt=\"\" class=\"wp-image-360 size-full\" srcset=\"https:\/\/icare-congo.com\/wp-content\/uploads\/2025\/05\/WhatsApp-Image-2025-05-08-at-20.20.14-1-1-1024x1024.jpeg 1024w, https:\/\/icare-congo.com\/wp-content\/uploads\/2025\/05\/WhatsApp-Image-2025-05-08-at-20.20.14-1-1-300x300.jpeg 300w, https:\/\/icare-congo.com\/wp-content\/uploads\/2025\/05\/WhatsApp-Image-2025-05-08-at-20.20.14-1-1-150x150.jpeg 150w, https:\/\/icare-congo.com\/wp-content\/uploads\/2025\/05\/WhatsApp-Image-2025-05-08-at-20.20.14-1-1-768x768.jpeg 768w, https:\/\/icare-congo.com\/wp-content\/uploads\/2025\/05\/WhatsApp-Image-2025-05-08-at-20.20.14-1-1.jpeg 1080w\" sizes=\"auto, (max-width: 1024px) 100vw, 1024px\" \/><\/figure><div class=\"wp-block-media-text__content\">\n<p><strong>Repas Sains et \u00c9quilibr\u00e9s :<\/strong> Les repas sont con\u00e7us pour r\u00e9pondre aux besoins nutritionnels des patients et favoriser leur r\u00e9tablissement.<\/p>\n\n\n\n<p><strong>Service Di\u00e9t\u00e9tique :<\/strong> Un service de di\u00e9t\u00e9tique est int\u00e9gr\u00e9 pour \u00e9laborer des repas adapt\u00e9s \u00e0 diff\u00e9rentes conditions m\u00e9dicales et r\u00e9gimes alimentaires.<\/p>\n\n\n\n<p><\/p>\n<\/div><\/div>\n\n\n\n<p><strong>Trois Repas par Jour :<\/strong> Le service propose g\u00e9n\u00e9ralement trois repas par jour : petit-d\u00e9jeuner, d\u00e9jeuner et d\u00eener.<\/p>\n\n\n\n<p><strong>Livraison \u00e0 l&#8217;H\u00f4pital et \u00e0 Domicile :<\/strong> Les repas peuvent \u00eatre livr\u00e9s directement aux patients hospitalis\u00e9s ou \u00e0 leur domicile, assurant une continuit\u00e9 des soins nutritionnels.<\/p>\n\n\n\n<div class=\"wp-block-buttons is-layout-flex wp-block-buttons-is-layout-flex\">\n<div class=\"wp-block-button\"><a class=\"wp-block-button__link wp-element-button\" href=\"https:\/\/icare-congo.com\/?page_id=41\">Souscrivez<\/a><\/div>\n<\/div>\n\n\n\n<p><\/p>\n","protected":false},"excerpt":{"rendered":"<p>ICARE fournit des repas sains et \u00e9quilibr\u00e9s, adapt\u00e9s aux besoins sp\u00e9cifiques des patients, que ce soit \u00e0 l&#8217;h\u00f4pital ou \u00e0 domicile. Ce service s&#8217;appuie sur l&#8217;expertise d&#8217;un service di\u00e9t\u00e9tique. Points cl\u00e9s du service de Repas Cliniques ICARE : Repas Sains et \u00c9quilibr\u00e9s : Les repas sont con\u00e7us pour r\u00e9pondre aux besoins nutritionnels des patients et [&hellip;]<\/p>\n","protected":false},"author":1,"featured_media":0,"parent":0,"menu_order":0,"comment_status":"closed","ping_status":"closed","template":"","meta":{"footnotes":""},"class_list":["post-319","page","type-page","status-publish","hentry"],"_links":{"self":[{"href":"https:\/\/icare-congo.com\/index.php?rest_route=\/wp\/v2\/pages\/319","targetHints":{"allow":["GET"]}}],"collection":[{"href":"https:\/\/icare-congo.com\/index.php?rest_route=\/wp\/v2\/pages"}],"about":[{"href":"https:\/\/icare-congo.com\/index.php?rest_route=\/wp\/v2\/types\/page"}],"author":[{"embeddable":true,"href":"https:\/\/icare-congo.com\/index.php?rest_route=\/wp\/v2\/users\/1"}],"replies":[{"embeddable":true,"href":"https:\/\/icare-congo.com\/index.php?rest_route=%2Fwp%2Fv2%2Fcomments&post=319"}],"version-history":[{"count":4,"href":"https:\/\/icare-congo.com\/index.php?rest_route=\/wp\/v2\/pages\/319\/revisions"}],"predecessor-version":[{"id":363,"href":"https:\/\/icare-congo.com\/index.php?rest_route=\/wp\/v2\/pages\/319\/revisions\/363"}],"wp:attachment":[{"href":"https:\/\/icare-congo.com\/index.php?rest_route=%2Fwp%2Fv2%2Fmedia&parent=319"}],"curies":[{"name":"wp","href":"https:\/\/api.w.org\/{rel}","templated":true}]}}