{"id":581,"date":"2025-07-25T09:04:53","date_gmt":"2025-07-25T07:04:53","guid":{"rendered":"https:\/\/icare-congo.com\/?page_id=581"},"modified":"2025-07-25T09:31:16","modified_gmt":"2025-07-25T07:31:16","slug":"pack-or-gold-famille","status":"publish","type":"page","link":"https:\/\/icare-congo.com\/?page_id=581","title":{"rendered":"Pack Or\/Gold Famille"},"content":{"rendered":"\n<hr class=\"wp-block-separator has-alpha-channel-opacity\"\/>\n\n\n\n<h2 class=\"wp-block-heading has-text-align-center\">Pack Famille Gold d&#8217;Icare : L&#8217;Exp\u00e9rience Premium pour Votre Famille<\/h2>\n\n\n\n<p>Le <strong>Pack Famille Gold d&#8217;Icare<\/strong> est l&#8217;apog\u00e9e de nos offres, con\u00e7u pour les familles de cinq personnes qui recherchent l&#8217;excellence et des services exclusifs. Ce pack VIP va bien au-del\u00e0 de la simple assistance ; il vous ouvre les portes d&#8217;un <strong>univers de privil\u00e8ges et de tranquillit\u00e9 d&#8217;esprit in\u00e9gal\u00e9e<\/strong>.<\/p>\n\n\n\n<p>Avec le Pack Famille Gold, chaque membre de votre famille b\u00e9n\u00e9ficie d&#8217;un <strong>acc\u00e8s privil\u00e9gi\u00e9 \u00e0 des services d\u00e9di\u00e9s et personnalis\u00e9s<\/strong>. Imaginez des <strong>acc\u00e8s priv\u00e9s<\/strong> \u00e0 des espaces exclusifs, des <strong>chambres priv\u00e9es<\/strong> pour un confort optimal en cas de besoin, et un niveau de r\u00e9activit\u00e9 qui anticipe vos moindres d\u00e9sirs. C&#8217;est la promesse d&#8217;une gestion fluide et sans contrainte de toutes les situations du quotidien, m\u00eame les plus inattendues.<\/p>\n\n\n\n<p>Nous comprenons que votre temps est pr\u00e9cieux et que le bien-\u00eatre de votre famille est votre priorit\u00e9 absolue. C&#8217;est pourquoi le Pack Famille Gold vous d\u00e9charge de toute pr\u00e9occupation logistique, vous permettant de vous concentrer pleinement sur les moments qui comptent vraiment. Opter pour le Pack Famille Gold, c&#8217;est choisir le summum de la s\u00e9r\u00e9nit\u00e9 et du confort pour votre famille.<\/p>\n\n\n\n<div data-wp-interactive=\"core\/file\" class=\"wp-block-file\"><object data-wp-bind--hidden=\"!state.hasPdfPreview\" hidden class=\"wp-block-file__embed\" data=\"https:\/\/icare-congo.com\/wp-content\/uploads\/2025\/07\/PACK-FAMILLE-OR_SMS-300_2025.pdf\" type=\"application\/pdf\" style=\"width:100%;height:1450px\" aria-label=\"Embed of PACK FAMILLE-OR_SMS (300$)_2025.\"><\/object><a id=\"wp-block-file--media-a3339bb8-7e40-41b3-9f7d-0c30b4e5a22b\" href=\"https:\/\/icare-congo.com\/wp-content\/uploads\/2025\/07\/PACK-FAMILLE-OR_SMS-300_2025.pdf\">PACK FAMILLE-OR_SMS (300$)_2025<\/a><a href=\"https:\/\/icare-congo.com\/wp-content\/uploads\/2025\/07\/PACK-FAMILLE-OR_SMS-300_2025.pdf\" class=\"wp-block-file__button wp-element-button\" download aria-describedby=\"wp-block-file--media-a3339bb8-7e40-41b3-9f7d-0c30b4e5a22b\">T\u00e9l\u00e9charger<\/a><\/div>\n\n\n\n<div class=\"wp-block-buttons is-layout-flex wp-block-buttons-is-layout-flex\">\n<div class=\"wp-block-button\"><a class=\"wp-block-button__link wp-element-button\" href=\"https:\/\/icare-congo.com\/?page_id=41\">Souscrire<\/a><\/div>\n<\/div>\n\n\n\n<p><\/p>\n","protected":false},"excerpt":{"rendered":"<p>Pack Famille Gold d&#8217;Icare : L&#8217;Exp\u00e9rience Premium pour Votre Famille Le Pack Famille Gold d&#8217;Icare est l&#8217;apog\u00e9e de nos offres, con\u00e7u pour les familles de cinq personnes qui recherchent l&#8217;excellence et des services exclusifs. Ce pack VIP va bien au-del\u00e0 de la simple assistance ; il vous ouvre les portes d&#8217;un univers de privil\u00e8ges et [&hellip;]<\/p>\n","protected":false},"author":1,"featured_media":0,"parent":0,"menu_order":0,"comment_status":"closed","ping_status":"closed","template":"","meta":{"footnotes":""},"class_list":["post-581","page","type-page","status-publish","hentry"],"_links":{"self":[{"href":"https:\/\/icare-congo.com\/index.php?rest_route=\/wp\/v2\/pages\/581","targetHints":{"allow":["GET"]}}],"collection":[{"href":"https:\/\/icare-congo.com\/index.php?rest_route=\/wp\/v2\/pages"}],"about":[{"href":"https:\/\/icare-congo.com\/index.php?rest_route=\/wp\/v2\/types\/page"}],"author":[{"embeddable":true,"href":"https:\/\/icare-congo.com\/index.php?rest_route=\/wp\/v2\/users\/1"}],"replies":[{"embeddable":true,"href":"https:\/\/icare-congo.com\/index.php?rest_route=%2Fwp%2Fv2%2Fcomments&post=581"}],"version-history":[{"count":2,"href":"https:\/\/icare-congo.com\/index.php?rest_route=\/wp\/v2\/pages\/581\/revisions"}],"predecessor-version":[{"id":605,"href":"https:\/\/icare-congo.com\/index.php?rest_route=\/wp\/v2\/pages\/581\/revisions\/605"}],"wp:attachment":[{"href":"https:\/\/icare-congo.com\/index.php?rest_route=%2Fwp%2Fv2%2Fmedia&parent=581"}],"curies":[{"name":"wp","href":"https:\/\/api.w.org\/{rel}","templated":true}]}}