{"id":611,"date":"2025-07-28T08:21:03","date_gmt":"2025-07-28T06:21:03","guid":{"rendered":"https:\/\/icare-congo.com\/?page_id=611"},"modified":"2025-12-29T17:14:56","modified_gmt":"2025-12-29T16:14:56","slug":"icare-siege-social","status":"publish","type":"page","link":"https:\/\/icare-congo.com\/?page_id=611","title":{"rendered":"Icare Si\u00e8ge Social"},"content":{"rendered":"\n<div class=\"wp-block-media-text is-stacked-on-mobile\" style=\"grid-template-columns:47% auto\"><figure class=\"wp-block-media-text__media\"><img loading=\"lazy\" decoding=\"async\" width=\"768\" height=\"1024\" src=\"https:\/\/icare-congo.com\/wp-content\/uploads\/2025\/08\/icare-kin2-768x1024.jpg\" alt=\"\" class=\"wp-image-656 size-full\" srcset=\"https:\/\/icare-congo.com\/wp-content\/uploads\/2025\/08\/icare-kin2-768x1024.jpg 768w, https:\/\/icare-congo.com\/wp-content\/uploads\/2025\/08\/icare-kin2-225x300.jpg 225w, https:\/\/icare-congo.com\/wp-content\/uploads\/2025\/08\/icare-kin2.jpg 960w\" sizes=\"auto, (max-width: 768px) 100vw, 768px\" \/><\/figure><div class=\"wp-block-media-text__content\">\n<p class=\"has-text-align-left\"><strong>ICARE SIEGE SOCIAL<\/strong><\/p>\n\n\n\n<p>Avenue du Haut Congo, 848 Quartier R\u00e9volution dans la commune de la Gombe. Ville province de Kinshasa en R\u00e9publique d\u00e9mocratique du Congo<\/p>\n\n\n\n<p>Tel: +243 (0) 820 773 037<\/p>\n\n\n\n<p><\/p>\n<\/div><\/div>\n\n\n\n<figure class=\"wp-block-image size-full is-resized\"><img loading=\"lazy\" decoding=\"async\" width=\"744\" height=\"992\" src=\"https:\/\/icare-congo.com\/wp-content\/uploads\/2025\/12\/WhatsApp-Image-2025-12-29-at-16.18.34.jpeg\" alt=\"\" class=\"wp-image-1028\" style=\"aspect-ratio:0.7500078757521343;width:265px;height:auto\" srcset=\"https:\/\/icare-congo.com\/wp-content\/uploads\/2025\/12\/WhatsApp-Image-2025-12-29-at-16.18.34.jpeg 744w, https:\/\/icare-congo.com\/wp-content\/uploads\/2025\/12\/WhatsApp-Image-2025-12-29-at-16.18.34-225x300.jpeg 225w\" sizes=\"auto, (max-width: 744px) 100vw, 744px\" \/><\/figure>\n\n\n\n<hr class=\"wp-block-separator has-alpha-channel-opacity\"\/>\n\n\n\n<figure class=\"wp-block-image size-full is-resized\"><img loading=\"lazy\" decoding=\"async\" width=\"744\" height=\"992\" src=\"https:\/\/icare-congo.com\/wp-content\/uploads\/2025\/12\/WhatsApp-Image-2025-12-29-at-16.18.33.jpeg\" alt=\"\" class=\"wp-image-1030\" style=\"aspect-ratio:0.7500078757521343;width:267px;height:auto\" srcset=\"https:\/\/icare-congo.com\/wp-content\/uploads\/2025\/12\/WhatsApp-Image-2025-12-29-at-16.18.33.jpeg 744w, https:\/\/icare-congo.com\/wp-content\/uploads\/2025\/12\/WhatsApp-Image-2025-12-29-at-16.18.33-225x300.jpeg 225w\" sizes=\"auto, (max-width: 744px) 100vw, 744px\" \/><\/figure>\n\n\n\n<p><\/p>\n","protected":false},"excerpt":{"rendered":"<p>ICARE SIEGE SOCIAL Avenue du Haut Congo, 848 Quartier R\u00e9volution dans la commune de la Gombe. Ville province de Kinshasa en R\u00e9publique d\u00e9mocratique du Congo Tel: +243 (0) 820 773 037<\/p>\n","protected":false},"author":1,"featured_media":0,"parent":0,"menu_order":0,"comment_status":"closed","ping_status":"closed","template":"","meta":{"footnotes":""},"class_list":["post-611","page","type-page","status-publish","hentry"],"_links":{"self":[{"href":"https:\/\/icare-congo.com\/index.php?rest_route=\/wp\/v2\/pages\/611","targetHints":{"allow":["GET"]}}],"collection":[{"href":"https:\/\/icare-congo.com\/index.php?rest_route=\/wp\/v2\/pages"}],"about":[{"href":"https:\/\/icare-congo.com\/index.php?rest_route=\/wp\/v2\/types\/page"}],"author":[{"embeddable":true,"href":"https:\/\/icare-congo.com\/index.php?rest_route=\/wp\/v2\/users\/1"}],"replies":[{"embeddable":true,"href":"https:\/\/icare-congo.com\/index.php?rest_route=%2Fwp%2Fv2%2Fcomments&post=611"}],"version-history":[{"count":15,"href":"https:\/\/icare-congo.com\/index.php?rest_route=\/wp\/v2\/pages\/611\/revisions"}],"predecessor-version":[{"id":1034,"href":"https:\/\/icare-congo.com\/index.php?rest_route=\/wp\/v2\/pages\/611\/revisions\/1034"}],"wp:attachment":[{"href":"https:\/\/icare-congo.com\/index.php?rest_route=%2Fwp%2Fv2%2Fmedia&parent=611"}],"curies":[{"name":"wp","href":"https:\/\/api.w.org\/{rel}","templated":true}]}}