{"id":801,"date":"2025-09-12T08:34:36","date_gmt":"2025-09-12T06:34:36","guid":{"rendered":"https:\/\/icare-congo.com\/?page_id=801"},"modified":"2025-12-23T08:24:01","modified_gmt":"2025-12-23T07:24:01","slug":"job-vacant","status":"publish","type":"page","link":"https:\/\/icare-congo.com\/?page_id=801","title":{"rendered":"Job vacant"},"content":{"rendered":"\n<p><strong>Travailler chez iCARE-CONGO, c\u2019est soigner l\u2019avenir.<\/strong><\/p>\n\n\n\n<div class=\"wp-block-media-text is-stacked-on-mobile\" style=\"grid-template-columns:54% auto\"><figure class=\"wp-block-media-text__media\"><img loading=\"lazy\" decoding=\"async\" width=\"683\" height=\"1024\" src=\"https:\/\/icare-congo.com\/wp-content\/uploads\/2025\/09\/ChatGPT-Image-12-sept.-2025-07_42_37-683x1024.png\" alt=\"\" class=\"wp-image-807 size-full\" srcset=\"https:\/\/icare-congo.com\/wp-content\/uploads\/2025\/09\/ChatGPT-Image-12-sept.-2025-07_42_37-683x1024.png 683w, https:\/\/icare-congo.com\/wp-content\/uploads\/2025\/09\/ChatGPT-Image-12-sept.-2025-07_42_37-200x300.png 200w, https:\/\/icare-congo.com\/wp-content\/uploads\/2025\/09\/ChatGPT-Image-12-sept.-2025-07_42_37-768x1152.png 768w, https:\/\/icare-congo.com\/wp-content\/uploads\/2025\/09\/ChatGPT-Image-12-sept.-2025-07_42_37.png 1024w\" sizes=\"auto, (max-width: 683px) 100vw, 683px\" \/><\/figure><div class=\"wp-block-media-text__content\">\n<p><strong>OFFRE D\u2019EMPLOI \u2013 ICARE-CONGO<\/strong><\/p>\n\n\n\n<p>iCARE-CONGO, entreprise sp\u00e9cialis\u00e9e dans la gestion de sant\u00e9 et la couverture m\u00e9dicale, recherche r\u00e9guli\u00e8rement des <strong>professionnels de sant\u00e9<\/strong> et des <strong>apporteurs d\u2019affaires<\/strong> pour renforcer son r\u00e9seau \u00e0 travers toute la R\u00e9publique D\u00e9mocratique du Congo.<\/p>\n\n\n\n<h3 class=\"wp-block-heading\"><strong>Postes recherch\u00e9s :<\/strong><\/h3>\n\n\n\n<p><strong>Apporteurs d\u2019affaires<\/strong> (particuliers, associations, entreprises) pour d\u00e9velopper nos services de sant\u00e9 aupr\u00e8s de nouvelles familles, institutions et organisations.<\/p>\n\n\n\n<p><strong>M\u00e9decins g\u00e9n\u00e9ralistes et sp\u00e9cialistes<\/strong><\/p>\n\n\n\n<p><strong>Infirmiers(\u00e8res) qualifi\u00e9(e)s<\/strong><\/p>\n<\/div><\/div>\n\n\n\n<p><strong>Profil souhait\u00e9 :<\/strong><\/p>\n\n\n\n<p>Exp\u00e9rience et qualification dans le domaine concern\u00e9<\/p>\n\n\n\n<p>Motivation et esprit d\u2019\u00e9quipe<\/p>\n\n\n\n<p>Int\u00e9grit\u00e9, professionnalisme et disponibilit\u00e9<\/p>\n\n\n\n<p>Pour les apporteurs d\u2019affaires : sens du relationnel, capacit\u00e9 \u00e0 cr\u00e9er et g\u00e9rer un portefeuille de clients.<\/p>\n\n\n\n<p><strong>Nous offrons :<\/strong><\/p>\n\n\n\n<p>Une opportunit\u00e9 de travailler dans un r\u00e9seau en pleine expansion<\/p>\n\n\n\n<p>Une r\u00e9mun\u00e9ration motivante (selon profil et performance)<\/p>\n\n\n\n<p>Des formations continues et un accompagnement dans vos missions<\/p>\n\n\n\n<p>Comment postuler :<\/p>\n\n\n\n<p>Envoyez votre CV et lettre de motivation \u00e0 :<br>\ud83d\udce7 rh@icare-congo.com<\/p>\n\n\n\n<p>\u260e\ufe0f +243 820 773 037<\/p>\n","protected":false},"excerpt":{"rendered":"<p>Travailler chez iCARE-CONGO, c\u2019est soigner l\u2019avenir. OFFRE D\u2019EMPLOI \u2013 ICARE-CONGO iCARE-CONGO, entreprise sp\u00e9cialis\u00e9e dans la gestion de sant\u00e9 et la couverture m\u00e9dicale, recherche r\u00e9guli\u00e8rement des professionnels de sant\u00e9 et des apporteurs d\u2019affaires pour renforcer son r\u00e9seau \u00e0 travers toute la R\u00e9publique D\u00e9mocratique du Congo. Postes recherch\u00e9s : Apporteurs d\u2019affaires (particuliers, associations, entreprises) pour d\u00e9velopper nos [&hellip;]<\/p>\n","protected":false},"author":1,"featured_media":0,"parent":0,"menu_order":0,"comment_status":"closed","ping_status":"closed","template":"","meta":{"footnotes":""},"class_list":["post-801","page","type-page","status-publish","hentry"],"_links":{"self":[{"href":"https:\/\/icare-congo.com\/index.php?rest_route=\/wp\/v2\/pages\/801","targetHints":{"allow":["GET"]}}],"collection":[{"href":"https:\/\/icare-congo.com\/index.php?rest_route=\/wp\/v2\/pages"}],"about":[{"href":"https:\/\/icare-congo.com\/index.php?rest_route=\/wp\/v2\/types\/page"}],"author":[{"embeddable":true,"href":"https:\/\/icare-congo.com\/index.php?rest_route=\/wp\/v2\/users\/1"}],"replies":[{"embeddable":true,"href":"https:\/\/icare-congo.com\/index.php?rest_route=%2Fwp%2Fv2%2Fcomments&post=801"}],"version-history":[{"count":3,"href":"https:\/\/icare-congo.com\/index.php?rest_route=\/wp\/v2\/pages\/801\/revisions"}],"predecessor-version":[{"id":1013,"href":"https:\/\/icare-congo.com\/index.php?rest_route=\/wp\/v2\/pages\/801\/revisions\/1013"}],"wp:attachment":[{"href":"https:\/\/icare-congo.com\/index.php?rest_route=%2Fwp%2Fv2%2Fmedia&parent=801"}],"curies":[{"name":"wp","href":"https:\/\/api.w.org\/{rel}","templated":true}]}}